to base 6.
12
Convert 18 (base 14) to base 11.
20
What is -10 (base 3) in base 12?
-3
What is 56 (base 10) in base 6?
132
Convert -84 (base 15) to base 13.
-97
What is -6 (base 15) in base 14?
-6
Convert 51 (base 12) to base 9.
67
Convert 106 (base 10) to base 3.
10221
-7 (base 9) to base 11
-7
Convert -9 (base 16) to base 6.
-13
What is -48 (base 13) in base 12?
-50
16 (base 15) to base 13
18
Convert 323 (base 4) to base 3.
2012
What is -20 (base 13) in base 15?
-1b
What is -3 (base 12) in base 3?
-10
What is 5 (base 16) in base 13?
5
Convert -15 (base 12) to base 7.
-23
What is -1 (base 12) in base 7?
-1
Convert -e (base 15) to base 9.
-15
What is -35 (base 8) in base 7?
-41
What is 9 (base 13) in base 5?
14
Convert -2 (base 14) to base 8.
-2
What is 17 (base 12) in base 14?
15
Convert 415 (base 7) to base 2.
11010000
Convert -2104 (base 5) to base 9.
-340
20 (base 3) to base 9
6
What is -1 (base 9) in base 13?
-1
4 (base 8) to base 7
4
What is 0 (base 14) in base 2?
0
Convert 201 (base 4) to base 14.
25
What is 13 (base 8) in base 12?
b
What is -6 (base 10) in base 5?
-11
-105 (base 9) to base 5
-321
What is -10010 (base 2) in base 16?
-12
-10100101 (base 2) to base 3
-20010
3 (base 14) to base 10
3
0 (base 13) to base 3
0
-232 (base 7) to base 15
-81
Convert 7 (base 14) to base 10.
7
-1213 (base 4) to base 5
-403
Convert 13 (base 9) to base 2.
1100
What is -101 (base 2) in base 12?
-5
Convert -91 (base 16) to base 10.
-145
Convert 1204 (base 5) to base 9.
218
Convert 1 (base 4) to base 10.
1
Convert -211 (base 3) to base 13.
-19
What is 4 (base 11) in base 16?
4
What is 4 (base 16) in base 2?
100
Convert 122 (base 7) to base 10.
65
-22 (base 13) to base 3
-1001
Convert -4 (base 15) to base 4.
-10
What is -16 (base 8) in base 6?
-22
20 (base 3) to base 6
10
Convert 5 (base 8) to base 12.
5
Convert -77 (base 8) to base 7.
-120
Convert 10011 (base 2) to base 14.
15
Convert 107 (base 14) to base 13.
128
-103 (base 15) to base 14
-124
Convert -1000 (base 3) to base 12.
-23
Convert -1010 (base 2) to base 16.
-a
What is 1 (base 5) in base 10?
1
Convert -6 (base 7) to base 9.
-6
1 (base 11) to base 6
1
What is 1 (base 2) in base 4?
1
Convert 3 (base 8) to base 13.
3
-22 (base 12) to base 5
-101
What is -3 (base 12) in base 16?
-3
21 (base 7) to base 8
17
What is a (base 15) in base 2?
1010
-10100 (base 2) to base 11
-19
What is -b (base 14) in base 9?
-12
What is 3 (base 6) in base 7?
3
-1 (base 9) to base 8
-1
Convert -3 (base 4) to base 2.
-11
-31 (base 16) to base 13
-3a
-3 (base 6) to base 11
-3
-11100 (base 3) to base 15
-7c
12c (base 16) to base 10
300
Convert 35 (base 14) to base 5.
142
-184 (base 11) to base 14
-113
Convert -89 (base 15) to base 9.
-153
4 (base 13) to base 16
4
Convert 18a (base 11) to base 6.
1003
Convert 17 (base 13) to base 14.
16
10 (base 8) to base 15
8
-36 (base 8) to base 16
-1e
What is 59 (base 15) in base 2?
1010100
1100 (base 2) to base 3
110
Convert 2 (base 12) to base 11.
2
6 (base 13) to base 15
6
-101 (base 3) to base 14
-a
What is -14 (base 5) in base 8?
-11
5 (base 7) to base 11
5
What is -8f (base 16) in base 5?
-1033
-e (base 16) to base 3
-112
0 (base 4) to base 15
0
What is 53 (base 6) in base 9?
36
-11011 (base 2) to base 3
-1000
Convert -2 (base 10) to base 2.
-10
151 (base 10) to base 16
97
Convert -6 (base 12) to base 4.
-12
Convert 15 (base 7) to base 11.
11
What is -120 (base 3) in base 12?
-13
What is -23 (base 6) in base 5?
-30
What is -7c (base 13) in base 4?
-1213
-121 (base 3) to base 9
-17
-3 (base 6) to base 8
-3
What is 2 (base 4) in base 10?
2
Convert 63 (base 12) to base 2.
1001011
Convert 203 (base 4) to base 6.
55
Convert 20 (base 11) to base 14.
18
What is 1 (base 5) in base 3?
1
What is -9 (base 14) in base 6?
-13
Convert 3 (base 16) to base 8.
3
11 (base 3) to base 14
4
Convert 53 (base 7) to base 9.
42
Convert 121 (base 14) to base 11.
195
What is 535 (base 7) in base 14?
155
110 (base 2) to base 12
6
Convert -10033 (base 4) to base 5.
-2041
-2 (base 16) to base 3
-2
What is -11 (base 6) in base 8?
-7
What is -431 (base 8) in base 9?
-342
10 (base 2) to base 4
2
-5 (base 13) to base 3
-12
Convert -3 (base 5) to base 2.
-11
What is -e (base 15) in base 5?
-24
What is 43 (base 15) in base 12?
53
Convert 74 (base 12) to base 8.
130
What is 5 (base 10) in base 9?
5
Convert -24 (base 13) to base 6.
-50
Convert 12000 (base 3) to base 12.
b3
0 (base 11) to base 2
0
341 (base 5) to base 9
116
Convert -46 (base 7) to base 13.
-28
Convert -23 (base 6) to base 14.
-11
Convert -354 (base 8) to base 4.
-3230
What is 1102 (base 3) in base 6?
102
100100 (base 2) to base 11
33
What is 30 (base 4) in base 16?
c
11b (base 13) to base 15
cd
What is -e (base 16) in base 7?
-20
Convert -12 (base 14) to base 16.
-10
Convert 201 (base 7) to base 4.
1203
What is -b (base 16) in base 5?
-21
What is 175 (base 9) in base 13?
b6
What is -1111 (base 2) in base 6?
-23
Convert 17c (base 15) to base 7.
666
-13 (base 5) to base 9
-8
What is 254 (base 8) in base 9?
211
-1021 (base 5) to base 14
-9a
-52 (base 12) to base 2
-111110
Convert 1 (base 14) to base 16.
1
What is -1 (base 13) in base 6?
-1
-1b (base 14) to base 10
-25
Convert 4 (base 12) to base 5.
4
What is 12 (base 5) in base 7?
10
26 (base 11) to base 9
31
35 (base 12) to base 13
32
Convert -10122 (base 3) to base 16.
-62
What is 1121 (base 3) in base 7?
61
What is -413 (base 5) in base 7?
-213
What is -4 (base 10) in base 9?
-4
6 (base 13) to base 4
12
What is 1 (base 2) in base 3?
1
What is 4 (base 15) in base 8?
4
3 (base 12) to base 10
3
Convert -224 (base 5) to base 16.
-40
Convert 8 (base 12) to base 10.
8
What is 42 (base 11) in base 16?
2e
What is -20211 (base 3) in base 6?
-504
What is -144 (base 5) in base 13?
-3a
Convert 10 (base 5) to base 13.
5
Convert -403 (base 5) to base 13.
-7c
5 (base 8) to base 9
5
-198 (base 11) to base 3
-22110
-cd (base 16) to base 13
-12a
What is -103 (base 5) in base 15?
-1d
What is -115 (base 6) in base 5?
-142
1 (base 5) to base 16
1
Convert -198 (base 10) to base 8.
-306
3 (base 13) to base 4
3
Convert -1 (base 12) to base 3.
-1
What is -20012 (base 3) in base 9?
-205
-2 (base 9) to base 7
-2
Convert -b (base 12) to base 3.
-102
-2 (base 14) to base 13
-2
Convert -3 (base 5) to base 2.
-11
Convert 1aa (base 11) to base 13.
157
222 (base 3) to base 8
32
-7 (base 12) to base 9
-7
-58 (base 10) to base 2
-111010
What is -102 (base 9) in base 5?
-313
22 (base 9) to base 16
14
What is 3 (base 6) in base 10?
3
-2 (base 16) to base 2
-10
Convert -a (base 11) to base 10.
-10
-322 (base 8) to base 12
-156
-65 (base 9) to base 12
-4b
What is -11 (base 11) in base 6?
-20
Convert 170 (base 11) to base 3.
21100
21 (base 6) to base 11
12
What is -463 (base 7) in base 6?
-1041
3 (base 8) to base 6
3
-11111110 (base 2) to base 14
-142
Convert 324 (base 5) to base 8.
131
What is 10 (base 4) in base 9?
4
Convert -2 (base 12) to base 9.
-2
What is 100 (base 2) in base 11?
4
1001 (base 3) to base 9
31
Convert -108 (base 14) to base 9.
-246
What is 3 (base 9) in base 2?
11
-4d (base 14) to base 12
-59
What is -142 (base 9) in base 14?
-87
What is 189 (base 11) in base 2?
11011010
12 (base 10) to base 4
30
-16 (base 14) to base 15
-15
11 (base 4) to base 5
10
5a (base 11) to base 9
72
-13 (base 6) to base 16
-9
-156 (base 9) to base 14
-96
Convert -16 (base 11) to base 7.
-23
Convert -3 (base 10) to base 13.
-3
What is 222 (base 3) in base 11?
24
-2 (base 9) to base 16
-2
Convert -1 (base 2) to base 15.
-1
-20 (base 4) to base 8
-10
5 (base 12) to base 11
5
Convert 110 (base 5) to base 2.
11110
Convert 33 (base 4) to base 14.
11
What is 2 (base 4) in base 3?
2
Convert -19 (base 10) to base 9.
-21
Convert 0 (base 8) to base 6.
0
-30 (base 8) to base 10
-24
-4 (base 14) to base 7
-4
What is -3 (base 6) in base 10?
-3
What is 42 (base 11) in base 15?
31
What is 11 (base 5) in base 16?
6
-16 (base 9) to base 2
-1111
What is 11 (base 3) in base 6?
4
Convert 144 (base 6) to base 16.
40
1011 (base 2) to base 10
11
1000 (base 2) to base 9
8
Convert 2 (base 11) to base 12.
2
Convert -11 (base 6) to base 10.
-7
Convert 13 (base 10) to base 8.
15
Convert -76 (base 8) to base 3.
-2022
Convert -38 (base 13) to base 6.
-115
What is -2 (base 